{"id":7530,"date":"2021-08-19T18:55:33","date_gmt":"2021-08-19T18:55:33","guid":{"rendered":"http:\/\/www.michalvesely.cz.uvirt111.active24.cz\/?page_id=7530"},"modified":"2021-08-28T17:31:21","modified_gmt":"2021-08-28T17:31:21","slug":"zakovska-knizka","status":"publish","type":"page","link":"https:\/\/www.zsmasaryk.cz\/index.php\/zakovska-knizka\/","title":{"rendered":"\u017d\u00e1kovsk\u00e1 kn\u00ed\u017eka"},"content":{"rendered":"\t\t<div data-elementor-type=\"wp-page\" data-elementor-id=\"7530\" class=\"elementor elementor-7530\">\n\t\t\t\t\t\t<section class=\"elementor-section elementor-top-section elementor-element elementor-element-9ad269f elementor-section-boxed elementor-section-height-default elementor-section-height-default\" data-id=\"9ad269f\" data-element_type=\"section\" data-e-type=\"section\">\n\t\t\t\t\t\t<div class=\"elementor-container elementor-column-gap-default\">\n\t\t\t\t\t<div class=\"elementor-column elementor-col-100 elementor-top-column elementor-element elementor-element-5e29f08\" data-id=\"5e29f08\" data-element_type=\"column\" data-e-type=\"column\">\n\t\t\t<div class=\"elementor-widget-wrap elementor-element-populated\">\n\t\t\t\t\t\t<div class=\"elementor-element elementor-element-e6a9a64 elementor-widget elementor-widget-cws_callout\" data-id=\"e6a9a64\" data-element_type=\"widget\" data-e-type=\"widget\" data-widget_type=\"cws_callout.default\">\n\t\t\t\t<div class=\"elementor-widget-container\">\n\t\t\t\t\t<div class=\"ce clearfix\"><div class=\"cws_callout\"><div class=\"content_section\"><div class=\"callout_title\"><div class=\"bees bees-end\"><span><\/span><\/div>Vstup do online \u0161koln\u00ed \u017e\u00e1kovsk\u00e9 kn\u00ed\u017eky<\/div><div class=\"separate\"><\/div><div class=\"callout_text\"><div data-canvas-width=\"67.68420386134065\"><div data-canvas-width=\"67.68420386134065\">V\u00e1\u017een\u00ed rodi\u010de,<\/div><div style=\"text-align: left;\" data-canvas-width=\"312.78788993033163\">st\u00e1v\u00e1te se u\u017eivateli elektronick\u00e9 \u017e\u00e1kovsk\u00e9 kn\u00ed\u017eky, kter\u00e1 V\u00e1m umo\u017en\u00ed sledovat studium sv\u00e9ho d\u00edt\u011bte doslova v p\u0159\u00edm\u00e9m p\u0159enosu. Krom\u011b p\u0159ehledu pr\u016fb\u011b\u017en\u00e9 klasifikace ve v\u0161ech p\u0159edm\u011btech, v\u00e1m d\u00edky t\u00e9to aplikaci budou k dispozici ihned po zaps\u00e1n\u00ed u\u010ditelem do elektronick\u00e9 t\u0159\u00eddn\u00ed knihy informace o absenci va\u0161eho d\u00edt\u011bte ve \u0161kole \u010di o stavu omluven\u00ed jeho absence. V jednotliv\u00fdch p\u0159edm\u011btech budete m\u00edt on-line p\u0159ehled o celkov\u00e9 absenci, pomoc\u00ed syst\u00e9mu m\u016f\u017eete komunikovat s u\u010diteli \u010di s veden\u00edm \u0161koly.\u00a0<\/div><\/div><\/div><\/div><div class=\"button_section\"><a href=\"https:\/\/portal.dmsoftware.cz\/\" class=\"cws_button xlarge\" target=\"_blank\">Vstup do \u017e\u00e1kovsk\u00e9 kn\u00ed\u017eky<div class=\"button-shadow\"><\/div><\/a><\/div><\/div><\/div>\t\t\t\t<\/div>\n\t\t\t\t<\/div>\n\t\t\t\t\t<\/div>\n\t\t<\/div>\n\t\t\t\t\t<\/div>\n\t\t<\/section>\n\t\t\t\t<section class=\"elementor-section elementor-top-section elementor-element elementor-element-0146698 elementor-section-boxed elementor-section-height-default elementor-section-height-default\" data-id=\"0146698\" data-element_type=\"section\" data-e-type=\"section\">\n\t\t\t\t\t\t<div class=\"elementor-container elementor-column-gap-default\">\n\t\t\t\t\t<div class=\"elementor-column elementor-col-100 elementor-top-column elementor-element elementor-element-59e3f72\" data-id=\"59e3f72\" data-element_type=\"column\" data-e-type=\"column\">\n\t\t\t<div class=\"elementor-widget-wrap elementor-element-populated\">\n\t\t\t\t\t\t<div class=\"elementor-element elementor-element-ec46516 elementor-widget elementor-widget-cws_heading\" data-id=\"ec46516\" data-element_type=\"widget\" data-e-type=\"widget\" data-widget_type=\"cws_heading.default\">\n\t\t\t\t<div class=\"elementor-widget-container\">\n\t\t\t\t\t<h3 class=\"ce_title heading\"><div>Z\u00e1kladn\u00ed informace<\/div><\/h3>\t\t\t\t<\/div>\n\t\t\t\t<\/div>\n\t\t\t\t\t<\/div>\n\t\t<\/div>\n\t\t\t\t\t<\/div>\n\t\t<\/section>\n\t\t\t\t<section class=\"elementor-section elementor-top-section elementor-element elementor-element-84a5ec6 elementor-section-boxed elementor-section-height-default elementor-section-height-default\" data-id=\"84a5ec6\" data-element_type=\"section\" data-e-type=\"section\">\n\t\t\t\t\t\t<div class=\"elementor-container elementor-column-gap-default\">\n\t\t\t\t\t<div class=\"elementor-column elementor-col-100 elementor-top-column elementor-element elementor-element-c5f9115\" data-id=\"c5f9115\" data-element_type=\"column\" data-e-type=\"column\">\n\t\t\t<div class=\"elementor-widget-wrap elementor-element-populated\">\n\t\t\t\t\t\t<div class=\"elementor-element elementor-element-007ede8 elementor-widget elementor-widget-text-editor\" data-id=\"007ede8\" data-element_type=\"widget\" data-e-type=\"widget\" data-widget_type=\"text-editor.default\">\n\t\t\t\t\t\t\t\t\t<div data-canvas-width=\"19.18033872308549\"><div>\u00a0 \u00a0 \u00a0 \u00a0 Ka\u017ed\u00fd \u017e\u00e1k a z\u00e1konn\u00fd z\u00e1stupce m\u00e1 sv\u00e9 origin\u00e1ln\u00ed u\u017eivatelsk\u00e9 jm\u00e9no a heslo, kter\u00e9 mu umo\u017en\u00ed p\u0159ihl\u00e1\u0161en\u00ed do syst\u00e9mu. V p\u0159\u00edpad\u011b zapomenut\u00e9ho hesla nebo probl\u00e9m\u016fm s p\u0159ihl\u00e1\u0161en\u00edm kontaktujte t\u0159. u\u010ditele nebo p\u0159\u00edmo spr\u00e1vce elektronick\u00e9 \u017e\u00e1kovsk\u00e9 kn\u00ed\u017eky na email: <a href=\"mailto:bawajana@zsmasaryk.cz\">bawajana@zsmasaryk.cz<\/a>.<\/div><div>\u00a0 \u00a0 \u00a0 \u00a0 Osobn\u00ed \u00fadaje d\u00edt\u011bte, jeho zn\u00e1mky, v\u00fdchovn\u00e1 opat\u0159en\u00ed a jin\u00e9 \u00fadaje, kter\u00e9 rodi\u010d z\u00edsk\u00e1 v elektronick\u00e9 \u017dK, pat\u0159\u00ed k citliv\u00fdm osobn\u00edm \u00fadaj\u016fm, ke kter\u00fdm maj\u00ed p\u0159\u00edstup pouze z\u00e1konn\u00ed z\u00e1stupci \u017e\u00e1ka a \u017e\u00e1k. Upozor\u0148ujeme rodi\u010de na skute\u010dnost, \u017ee v p\u0159\u00edpad\u011b p\u0159ed\u00e1n\u00ed p\u0159\u00edstupov\u00fdch \u00fadaj\u016f jin\u00fdm osob\u00e1m, nebude dodr\u017een z\u00e1kon o ochran\u011b osobn\u00edch \u00fadaj\u016f.<\/div><div>\u00a0 \u00a0 \u00a0 \u00a0 \u00a0Z\u00e1konn\u00fd z\u00e1stupce se pravideln\u011b seznamuje s prosp\u011bchem a chov\u00e1n\u00edm sv\u00e9ho d\u00edt\u011bte, sleduje informace na n\u00e1st\u011bnk\u00e1ch v elektronick\u00e9 \u017dK, toto stvrzuje p\u0159ihl\u00e1\u0161en\u00edm do elektronick\u00e9 \u017dK. \u0160kola tak m\u00e1 mo\u017enost kontroly, zda rodi\u010de vzali informace na v\u011bdom\u00ed.<\/div><div>\u00a0 \u00a0 \u00a0 \u00a0 \u00a0U\u010ditel\u00e9 mohou prost\u0159ednictv\u00edm syst\u00e9mu napsat zpr\u00e1vu \u017e\u00e1k\u016fm, rodi\u010d\u016fm, informaci o zm\u011bn\u011b rozvrhu, \u010di vzd\u011bl\u00e1vac\u00ed akci mimo budovu \u0161koly. Zp\u016fsob zad\u00e1v\u00e1n\u00ed dom\u00e1c\u00edch \u00fakol\u016f do syst\u00e9mu je v\u017edy v kompetenci vyu\u010duj\u00edc\u00edho dan\u00e9ho p\u0159edm\u011btu. (Nen\u00ed povinnost\u00ed u\u010ditele zapisovat dom\u00e1c\u00ed \u00fakoly a pokyny k vypracov\u00e1n\u00ed dom\u00e1c\u00edho \u00fakolu do syst\u00e9mu elektronick\u00e9 \u017dK).<\/div><div>\u00a0 \u00a0 \u00a0 \u00a0 \u00a0U\u010ditel\u00e9 zapisuj\u00ed zn\u00e1mky pr\u016fb\u011b\u017en\u011b, ka\u017ed\u00e1 zn\u00e1mka bude zaznamen\u00e1na v elektronick\u00e9 \u017dK max do 7 pracovn\u00edch dn\u016f po zhodnocen\u00ed pr\u00e1ce s \u017e\u00e1ky. Ka\u017ed\u00e1 zn\u00e1mka ud\u011blena \u017e\u00e1kovi za ur\u010dit\u00fd v\u00fdkon m\u00e1 svoji v\u00e1hu \u2013 \u010d\u00edslo <strong>0,3 \u2013 1<\/strong>\u00a0, pomoc\u00ed kter\u00e9ho p\u0159id\u011bl\u00ed u\u010ditel zn\u00e1mce\u00a0z\u00e1va\u017enost v celkov\u00e9 klasifikaci (\u010d\u00edm v\u011bt\u0161\u00ed \u010d\u00edslo, t\u00edm je zn\u00e1mka d\u016fle\u017eit\u011bj\u0161\u00ed). \u00a0Nap\u0159. jedni\u010dka ze\u00a0\u010dtvrtletn\u00ed p\u00edsemn\u00e9 pr\u00e1ce o v\u00e1ze 1 m\u00e1 stejnou hodnotu jako dv\u011b jedni\u010dky z aktivity v hodin\u011b s\u00a0v\u00e1hou 0,5). O p\u0159id\u011blen\u00ed tzv. v\u00e1hy zn\u00e1mce\u00a0rozhoduje u\u010ditel p\u0159edm\u011btu.<\/div><div>Ke zn\u00e1mce u\u010ditel\u00e9 p\u0159id\u00e1vaj\u00ed informace o t\u00e9matu, ze kter\u00e9ho byla ud\u011blena, a datum, kdy byla ud\u011blena (p\u0159\u00edpadn\u011b zaps\u00e1na do elektronick\u00e9 \u017dK). Pokud se kurzorem nam\u00ed\u0159\u00ed na zn\u00e1mku, uk\u00e1\u017ee se, o jak\u00e9 u\u010divo se jedn\u00e1.\u00a0 \u00a0 \u00a0<\/div><div>\u00a0 \u00a0 \u00a0 \u00a0 \u00a0 Syst\u00e9m elektronick\u00e9 \u017dK n\u00e1sledn\u011b v ka\u017ed\u00e9m p\u0159edm\u011btu po\u010d\u00edt\u00e1 v\u00e1\u017een\u00fd pr\u016fm\u011br, kter\u00fd respektuje v\u00e1hu zn\u00e1mky a kter\u00fd je sm\u011brodatn\u00fd pro stanoven\u00ed v\u00fdsledn\u00e9 zn\u00e1mky. P\u0159i ud\u011blen\u00ed v\u00fdsledn\u00e9 zn\u00e1mky bude respektov\u00e1no matematick\u00e9 zaokrouhlov\u00e1n\u00ed: nap\u0159. pr\u016fm\u011br 1,5 zaokrouhluje na zn\u00e1mku 2 \u2013 chvalitebn\u00fd, pr\u016fm\u011br 1,49 zaokrouhluje na zn\u00e1mku 1 \u2013 v\u00fdborn\u00fd.<\/div><\/div>\t\t\t\t\t\t\t\t<\/div>\n\t\t\t\t\t<\/div>\n\t\t<\/div>\n\t\t\t\t\t<\/div>\n\t\t<\/section>\n\t\t\t\t<section class=\"elementor-section elementor-top-section elementor-element elementor-element-307b397 elementor-section-boxed elementor-section-height-default elementor-section-height-default\" data-id=\"307b397\" data-element_type=\"section\" data-e-type=\"section\">\n\t\t\t\t\t\t<div class=\"elementor-container elementor-column-gap-default\">\n\t\t\t\t\t<div class=\"elementor-column elementor-col-50 elementor-top-column elementor-element elementor-element-7b466bb\" data-id=\"7b466bb\" data-element_type=\"column\" data-e-type=\"column\">\n\t\t\t<div class=\"elementor-widget-wrap elementor-element-populated\">\n\t\t\t\t\t\t<div class=\"elementor-element elementor-element-2b6c1ff elementor-widget elementor-widget-cws_callout\" data-id=\"2b6c1ff\" data-element_type=\"widget\" data-e-type=\"widget\" data-widget_type=\"cws_callout.default\">\n\t\t\t\t<div class=\"elementor-widget-container\">\n\t\t\t\t\t<div class=\"ce clearfix\"><div class=\"cws_callout\"><div class=\"content_section\"><div class=\"callout_text\"><p><a href=\"http:\/\/www.zsmasaryk.cz\/wp-content\/uploads\/2021\/07\/1.pdf\" target=\"_blank\" rel=\"noopener\">V\u00e1hy zn\u00e1mek v jednotliv\u00fdch p\u0159edm\u011btech<\/a>\u00a0<\/p><\/div><\/div><\/div><\/div>\t\t\t\t<\/div>\n\t\t\t\t<\/div>\n\t\t\t\t\t<\/div>\n\t\t<\/div>\n\t\t\t\t<div class=\"elementor-column elementor-col-50 elementor-top-column elementor-element elementor-element-a4a7a5d\" data-id=\"a4a7a5d\" data-element_type=\"column\" data-e-type=\"column\">\n\t\t\t<div class=\"elementor-widget-wrap elementor-element-populated\">\n\t\t\t\t\t\t<div class=\"elementor-element elementor-element-83dca1c elementor-widget elementor-widget-cws_callout\" data-id=\"83dca1c\" data-element_type=\"widget\" data-e-type=\"widget\" data-widget_type=\"cws_callout.default\">\n\t\t\t\t<div class=\"elementor-widget-container\">\n\t\t\t\t\t<div class=\"ce clearfix\"><div class=\"cws_callout\"><div class=\"content_section\"><div class=\"callout_text\"><p><a href=\"https:\/\/aplikace.dmsoftware.cz\/dokumentace\/DM\/verejnost\/\" target=\"_blank\" rel=\"noopener\">U\u017eivatelsk\u00e1 p\u0159\u00edru\u010dka pro pr\u00e1ci s aplikac\u00ed dm Software<\/a><\/p><\/div><\/div><\/div><\/div>\t\t\t\t<\/div>\n\t\t\t\t<\/div>\n\t\t\t\t\t<\/div>\n\t\t<\/div>\n\t\t\t\t\t<\/div>\n\t\t<\/section>\n\t\t\t\t<section class=\"elementor-section elementor-top-section elementor-element elementor-element-40e85cc elementor-section-boxed elementor-section-height-default elementor-section-height-default\" data-id=\"40e85cc\" data-element_type=\"section\" data-e-type=\"section\">\n\t\t\t\t\t\t<div class=\"elementor-container elementor-column-gap-default\">\n\t\t\t\t\t<div class=\"elementor-column elementor-col-50 elementor-top-column elementor-element elementor-element-8c1370e\" data-id=\"8c1370e\" data-element_type=\"column\" data-e-type=\"column\">\n\t\t\t<div class=\"elementor-widget-wrap elementor-element-populated\">\n\t\t\t\t\t\t<div class=\"elementor-element elementor-element-5c7bd13 elementor-widget elementor-widget-cws_heading\" data-id=\"5c7bd13\" data-element_type=\"widget\" data-e-type=\"widget\" data-widget_type=\"cws_heading.default\">\n\t\t\t\t<div class=\"elementor-widget-container\">\n\t\t\t\t\t<h3 class=\"ce_title heading\"><div>V\u00fdhody online \u017e\u00e1kovsk\u00e9 kn\u00ed\u017eky<\/div><\/h3>\t\t\t\t<\/div>\n\t\t\t\t<\/div>\n\t\t\t\t\t<\/div>\n\t\t<\/div>\n\t\t\t\t<div class=\"elementor-column elementor-col-50 elementor-top-column elementor-element elementor-element-4cc7bd0\" data-id=\"4cc7bd0\" data-element_type=\"column\" data-e-type=\"column\">\n\t\t\t<div class=\"elementor-widget-wrap elementor-element-populated\">\n\t\t\t\t\t\t<div class=\"elementor-element elementor-element-5474795 elementor-widget elementor-widget-cws_heading\" data-id=\"5474795\" data-element_type=\"widget\" data-e-type=\"widget\" data-widget_type=\"cws_heading.default\">\n\t\t\t\t<div class=\"elementor-widget-container\">\n\t\t\t\t\t<h3 class=\"ce_title heading\"><div>   -  \u0161kola online<\/div><\/h3>\t\t\t\t<\/div>\n\t\t\t\t<\/div>\n\t\t\t\t\t<\/div>\n\t\t<\/div>\n\t\t\t\t\t<\/div>\n\t\t<\/section>\n\t\t\t\t<section class=\"elementor-section elementor-top-section elementor-element elementor-element-6e93662 elementor-section-boxed elementor-section-height-default elementor-section-height-default\" data-id=\"6e93662\" data-element_type=\"section\" data-e-type=\"section\">\n\t\t\t\t\t\t<div class=\"elementor-container elementor-column-gap-default\">\n\t\t\t\t\t<div class=\"elementor-column elementor-col-50 elementor-top-column elementor-element elementor-element-3686061\" data-id=\"3686061\" data-element_type=\"column\" data-e-type=\"column\">\n\t\t\t<div class=\"elementor-widget-wrap elementor-element-populated\">\n\t\t\t\t\t\t<div class=\"elementor-element elementor-element-798b72f elementor-widget elementor-widget-cws_message_box\" data-id=\"798b72f\" data-element_type=\"widget\" data-e-type=\"widget\" data-widget_type=\"cws_message_box.default\">\n\t\t\t\t<div class=\"elementor-widget-container\">\n\t\t\t\t\t<div class=\"cws_msg_box info-box clearfix\"><div class=\"icon_section\"><i class=\"fa fa-info\"><\/i><\/div><div class=\"content_section\"><div class=\"msg_box_title\">Informace<\/div><div class=\"msg_box_text\">ve\u0161ker\u00e9 informace na jednom m\u00edst\u011b a online<\/div><\/div><\/div>\t\t\t\t<\/div>\n\t\t\t\t<\/div>\n\t\t\t\t<div class=\"elementor-element elementor-element-7f0c8a8 elementor-widget elementor-widget-cws_message_box\" data-id=\"7f0c8a8\" data-element_type=\"widget\" data-e-type=\"widget\" data-widget_type=\"cws_message_box.default\">\n\t\t\t\t<div class=\"elementor-widget-container\">\n\t\t\t\t\t<div class=\"cws_msg_box error-box clearfix\"><div class=\"icon_section\"><i class=\"fa fa-exclamation\"><\/i><\/div><div class=\"content_section\"><div class=\"msg_box_title\">Kontrola<\/div><div class=\"msg_box_text\">jednoduch\u00e1 kontrola vzd\u011bl\u00e1v\u00e1n\u00ed va\u0161eho d\u00edt\u011bte<\/div><\/div><\/div>\t\t\t\t<\/div>\n\t\t\t\t<\/div>\n\t\t\t\t<div class=\"elementor-element elementor-element-4a18905 elementor-widget elementor-widget-cws_message_box\" data-id=\"4a18905\" data-element_type=\"widget\" data-e-type=\"widget\" data-widget_type=\"cws_message_box.default\">\n\t\t\t\t<div class=\"elementor-widget-container\">\n\t\t\t\t\t<div class=\"cws_msg_box warning-box clearfix\"><div class=\"icon_section\"><i class=\"fa fa-bolt\"><\/i><\/div><div class=\"content_section\"><div class=\"msg_box_title\">Rychl\u00e9 upozorn\u011bn\u00ed<\/div><div class=\"msg_box_text\">okam\u017eit\u011b v\u00edte, co se ve \u0161kole d\u011bje<\/div><\/div><\/div>\t\t\t\t<\/div>\n\t\t\t\t<\/div>\n\t\t\t\t<div class=\"elementor-element elementor-element-439f6ac elementor-widget elementor-widget-cws_message_box\" data-id=\"439f6ac\" data-element_type=\"widget\" data-e-type=\"widget\" data-widget_type=\"cws_message_box.default\">\n\t\t\t\t<div class=\"elementor-widget-container\">\n\t\t\t\t\t<div class=\"cws_msg_box success-box clearfix\"><div class=\"icon_section\"><i class=\"fa fa-thumbs-up\"><\/i><\/div><div class=\"content_section\"><div class=\"msg_box_title\">P\u0159\u00edstupnost<\/div><div class=\"msg_box_text\">zobrazen\u00ed informac\u00ed pro ve\u0161ker\u00e1 za\u0159\u00edzen\u00ed<\/div><\/div><\/div>\t\t\t\t<\/div>\n\t\t\t\t<\/div>\n\t\t\t\t\t<\/div>\n\t\t<\/div>\n\t\t\t\t<div class=\"elementor-column elementor-col-50 elementor-top-column elementor-element elementor-element-51871f2\" data-id=\"51871f2\" data-element_type=\"column\" data-e-type=\"column\">\n\t\t\t<div class=\"elementor-widget-wrap elementor-element-populated\">\n\t\t\t\t\t\t<div class=\"elementor-element elementor-element-37d88b4 elementor-widget elementor-widget-cws_message_box\" data-id=\"37d88b4\" data-element_type=\"widget\" data-e-type=\"widget\" data-widget_type=\"cws_message_box.default\">\n\t\t\t\t<div class=\"elementor-widget-container\">\n\t\t\t\t\t<div class=\"cws_msg_box info-box clearfix closable\"><div class=\"icon_section\"><i class=\"far fa-gem fa-regular\"><\/i><\/div><div class=\"content_section\"><div class=\"msg_box_title\">Syst\u00e9m hodnocen\u00ed<\/div><div class=\"msg_box_text\">spravedliv\u00fd a sjednocen\u00fd syst\u00e9m hodnocen\u00ed \u017e\u00e1ka<\/div><\/div><div class=\"cls_btn\"><\/div><\/div>\t\t\t\t<\/div>\n\t\t\t\t<\/div>\n\t\t\t\t<div class=\"elementor-element elementor-element-f22bc20 elementor-widget elementor-widget-cws_message_box\" data-id=\"f22bc20\" data-element_type=\"widget\" data-e-type=\"widget\" data-widget_type=\"cws_message_box.default\">\n\t\t\t\t<div class=\"elementor-widget-container\">\n\t\t\t\t\t<div class=\"cws_msg_box info-box clearfix closable\"><div class=\"icon_section\"><i class=\"far fa-sun fa-regular\"><\/i><\/div><div class=\"content_section\"><div class=\"msg_box_title\">Podpora<\/div><div class=\"msg_box_text\">online technick\u00e1 podpora<\/div><\/div><div class=\"cls_btn\"><\/div><\/div>\t\t\t\t<\/div>\n\t\t\t\t<\/div>\n\t\t\t\t<div class=\"elementor-element elementor-element-7650dd6 elementor-widget elementor-widget-cws_message_box\" data-id=\"7650dd6\" data-element_type=\"widget\" data-e-type=\"widget\" data-widget_type=\"cws_message_box.default\">\n\t\t\t\t<div class=\"elementor-widget-container\">\n\t\t\t\t\t<div class=\"cws_msg_box info-box clearfix closable\"><div class=\"icon_section\"><i class=\"fas fa-heart fa-solid\"><\/i><\/div><div class=\"content_section\"><div class=\"msg_box_title\">Prost\u0159ed\u00ed<\/div><div class=\"msg_box_text\">p\u0159\u00edv\u011btiv\u00e9 prost\u0159ed\u00ed aplikace<\/div><\/div><div class=\"cls_btn\"><\/div><\/div>\t\t\t\t<\/div>\n\t\t\t\t<\/div>\n\t\t\t\t<div class=\"elementor-element elementor-element-757a2be elementor-widget elementor-widget-cws_message_box\" data-id=\"757a2be\" data-element_type=\"widget\" data-e-type=\"widget\" data-widget_type=\"cws_message_box.default\">\n\t\t\t\t<div class=\"elementor-widget-container\">\n\t\t\t\t\t<div class=\"cws_msg_box info-box clearfix closable\"><div class=\"icon_section\"><i class=\"fas fa-cloud fa-solid\"><\/i><\/div><div class=\"content_section\"><div class=\"msg_box_title\">slu\u017eby<\/div><div class=\"msg_box_text\">dal\u0161\u00ed souvisej\u00edc\u00ed slu\u017eby ... nap\u0159. p\u0159ehled \u00fakol\u016f, chov\u00e1n\u00ed<\/div><\/div><div class=\"cls_btn\"><\/div><\/div>\t\t\t\t<\/div>\n\t\t\t\t<\/div>\n\t\t\t\t\t<\/div>\n\t\t<\/div>\n\t\t\t\t\t<\/div>\n\t\t<\/section>\n\t\t\t\t<\/div>\n\t\t","protected":false},"excerpt":{"rendered":"<p>\u00a0 \u00a0 \u00a0 \u00a0 Ka\u017ed\u00fd \u017e\u00e1k a z\u00e1konn\u00fd z\u00e1stupce m\u00e1 sv\u00e9 origin\u00e1ln\u00ed u\u017eivatelsk\u00e9 jm\u00e9no a heslo, kter\u00e9 mu umo\u017en\u00ed p\u0159ihl\u00e1\u0161en\u00ed do syst\u00e9mu. V p\u0159\u00edpad\u011b zapomenut\u00e9ho hesla nebo probl\u00e9m\u016fm s p\u0159ihl\u00e1\u0161en\u00edm kontaktujte t\u0159. u\u010ditele nebo p\u0159\u00edmo spr\u00e1vce elektronick\u00e9 \u017e\u00e1kovsk\u00e9 kn\u00ed\u017eky na email: bawajana@zsmasaryk.cz.\u00a0 \u00a0 \u00a0 \u00a0 Osobn\u00ed \u00fadaje d\u00edt\u011bte, jeho zn\u00e1mky, v\u00fdchovn\u00e1 opat\u0159en\u00ed a jin\u00e9 \u00fadaje, kter\u00e9 rodi\u010d z\u00edsk\u00e1 v elektronick\u00e9 \u017dK, pat\u0159\u00ed k citliv\u00fdm osobn\u00edm \u00fadaj\u016fm, ke kter\u00fdm maj\u00ed p\u0159\u00edstup pouze z\u00e1konn\u00ed z\u00e1stupci \u017e\u00e1ka a \u017e\u00e1k. Upozor\u0148ujeme rodi\u010de na skute\u010dnost, \u017ee v p\u0159\u00edpad\u011b p\u0159ed\u00e1n\u00ed p\u0159\u00edstupov\u00fdch \u00fadaj\u016f jin\u00fdm osob\u00e1m, nebude dodr\u017een z\u00e1kon o ochran\u011b osobn\u00edch \u00fadaj\u016f.\u00a0 \u00a0 \u00a0 \u00a0 \u00a0Z\u00e1konn\u00fd z\u00e1stupce se pravideln\u011b seznamuje s prosp\u011bchem a chov\u00e1n\u00edm sv\u00e9ho d\u00edt\u011bte, sleduje informace na n\u00e1st\u011bnk\u00e1ch v elektronick\u00e9 \u017dK, toto stvrzuje p\u0159ihl\u00e1\u0161en\u00edm do elektronick\u00e9 \u017dK. \u0160kola tak m\u00e1 mo\u017enost kontroly, zda rodi\u010de vzali informace na v\u011bdom\u00ed.\u00a0 \u00a0 \u00a0 \u00a0 \u00a0U\u010ditel\u00e9 mohou prost\u0159ednictv\u00edm syst\u00e9mu napsat zpr\u00e1vu \u017e\u00e1k\u016fm, rodi\u010d\u016fm, informaci o zm\u011bn\u011b rozvrhu, \u010di vzd\u011bl\u00e1vac\u00ed akci mimo budovu \u0161koly. Zp\u016fsob zad\u00e1v\u00e1n\u00ed dom\u00e1c\u00edch \u00fakol\u016f do syst\u00e9mu je v\u017edy v kompetenci vyu\u010duj\u00edc\u00edho dan\u00e9ho p\u0159edm\u011btu. (Nen\u00ed povinnost\u00ed u\u010ditele zapisovat dom\u00e1c\u00ed \u00fakoly a pokyny k vypracov\u00e1n\u00ed dom\u00e1c\u00edho \u00fakolu do syst\u00e9mu elektronick\u00e9 \u017dK).\u00a0 \u00a0 \u00a0 \u00a0 \u00a0U\u010ditel\u00e9 zapisuj\u00ed zn\u00e1mky pr\u016fb\u011b\u017en\u011b, ka\u017ed\u00e1 zn\u00e1mka bude zaznamen\u00e1na v elektronick\u00e9 \u017dK max do 7 pracovn\u00edch dn\u016f po zhodnocen\u00ed pr\u00e1ce s \u017e\u00e1ky. Ka\u017ed\u00e1 zn\u00e1mka ud\u011blena \u017e\u00e1kovi za ur\u010dit\u00fd v\u00fdkon m\u00e1 svoji v\u00e1hu \u2013 \u010d\u00edslo 0,3 \u2013 1\u00a0, pomoc\u00ed kter\u00e9ho p\u0159id\u011bl\u00ed u\u010ditel zn\u00e1mce\u00a0z\u00e1va\u017enost v celkov\u00e9 klasifikaci (\u010d\u00edm v\u011bt\u0161\u00ed \u010d\u00edslo, t\u00edm je zn\u00e1mka d\u016fle\u017eit\u011bj\u0161\u00ed). \u00a0Nap\u0159. jedni\u010dka ze\u00a0\u010dtvrtletn\u00ed p\u00edsemn\u00e9 pr\u00e1ce o v\u00e1ze 1 m\u00e1 stejnou hodnotu jako dv\u011b jedni\u010dky z aktivity v hodin\u011b s\u00a0v\u00e1hou 0,5). O p\u0159id\u011blen\u00ed tzv. v\u00e1hy zn\u00e1mce\u00a0rozhoduje u\u010ditel p\u0159edm\u011btu.Ke zn\u00e1mce u\u010ditel\u00e9 p\u0159id\u00e1vaj\u00ed informace o t\u00e9matu, ze kter\u00e9ho byla ud\u011blena, a datum, kdy byla ud\u011blena (p\u0159\u00edpadn\u011b zaps\u00e1na do elektronick\u00e9 \u017dK). Pokud se kurzorem nam\u00ed\u0159\u00ed na zn\u00e1mku, uk\u00e1\u017ee se, o jak\u00e9 u\u010divo se jedn\u00e1.\u00a0 \u00a0 \u00a0\u00a0 \u00a0 \u00a0 \u00a0 \u00a0 Syst\u00e9m elektronick\u00e9 \u017dK n\u00e1sledn\u011b v ka\u017ed\u00e9m p\u0159edm\u011btu po\u010d\u00edt\u00e1 v\u00e1\u017een\u00fd pr\u016fm\u011br, kter\u00fd respektuje v\u00e1hu zn\u00e1mky a kter\u00fd je sm\u011brodatn\u00fd pro stanoven\u00ed v\u00fdsledn\u00e9 zn\u00e1mky. P\u0159i ud\u011blen\u00ed v\u00fdsledn\u00e9 zn\u00e1mky bude respektov\u00e1no matematick\u00e9 zaokrouhlov\u00e1n\u00ed: nap\u0159. pr\u016fm\u011br 1,5 zaokrouhluje na zn\u00e1mku 2 \u2013 chvalitebn\u00fd, pr\u016fm\u011br 1,49 zaokrouhluje na zn\u00e1mku 1 \u2013 v\u00fdborn\u00fd.<\/p>\n","protected":false},"author":2,"featured_media":0,"parent":0,"menu_order":0,"comment_status":"closed","ping_status":"closed","template":"","meta":{"footnotes":""},"class_list":["post-7530","page","type-page","status-publish","hentry"],"rttpg_featured_image_url":null,"rttpg_author":{"display_name":"admin","author_link":"https:\/\/www.zsmasaryk.cz\/index.php\/author\/admin\/"},"rttpg_comment":0,"rttpg_category":null,"rttpg_excerpt":"\u00a0 \u00a0 \u00a0 \u00a0 Ka\u017ed\u00fd \u017e\u00e1k a z\u00e1konn\u00fd z\u00e1stupce m\u00e1 sv\u00e9 origin\u00e1ln\u00ed u\u017eivatelsk\u00e9 jm\u00e9no a heslo, kter\u00e9 mu umo\u017en\u00ed p\u0159ihl\u00e1\u0161en\u00ed do syst\u00e9mu. V p\u0159\u00edpad\u011b zapomenut\u00e9ho hesla nebo probl\u00e9m\u016fm s p\u0159ihl\u00e1\u0161en\u00edm kontaktujte t\u0159. u\u010ditele nebo p\u0159\u00edmo spr\u00e1vce elektronick\u00e9 \u017e\u00e1kovsk\u00e9 kn\u00ed\u017eky na email: bawajana@zsmasaryk.cz.\u00a0 \u00a0 \u00a0 \u00a0 Osobn\u00ed \u00fadaje d\u00edt\u011bte, jeho zn\u00e1mky, v\u00fdchovn\u00e1 opat\u0159en\u00ed a jin\u00e9 \u00fadaje,&hellip;","_links":{"self":[{"href":"https:\/\/www.zsmasaryk.cz\/index.php\/wp-json\/wp\/v2\/pages\/7530","targetHints":{"allow":["GET"]}}],"collection":[{"href":"https:\/\/www.zsmasaryk.cz\/index.php\/wp-json\/wp\/v2\/pages"}],"about":[{"href":"https:\/\/www.zsmasaryk.cz\/index.php\/wp-json\/wp\/v2\/types\/page"}],"author":[{"embeddable":true,"href":"https:\/\/www.zsmasaryk.cz\/index.php\/wp-json\/wp\/v2\/users\/2"}],"replies":[{"embeddable":true,"href":"https:\/\/www.zsmasaryk.cz\/index.php\/wp-json\/wp\/v2\/comments?post=7530"}],"version-history":[{"count":0,"href":"https:\/\/www.zsmasaryk.cz\/index.php\/wp-json\/wp\/v2\/pages\/7530\/revisions"}],"wp:attachment":[{"href":"https:\/\/www.zsmasaryk.cz\/index.php\/wp-json\/wp\/v2\/media?parent=7530"}],"curies":[{"name":"wp","href":"https:\/\/api.w.org\/{rel}","templated":true}]}}